{"id":8186,"date":"2022-11-16T16:23:51","date_gmt":"2022-11-16T16:23:51","guid":{"rendered":"http:\/\/bioplagas.srtv.cl\/?page_id=8186"},"modified":"2025-08-01T19:22:05","modified_gmt":"2025-08-01T19:22:05","slug":"contacto","status":"publish","type":"page","link":"https:\/\/organigrama.hospitaldechillan.cl\/","title":{"rendered":"Organigrama Hospital Cl\u00ednico Herminda Martin Chill\u00e1n"},"content":{"rendered":"<section class=\"l-section wpb_row us_custom_4edece6e height_custom\"><div class=\"l-section-h i-cf\"><div class=\"g-cols via_grid cols_1 laptops-cols_inherit tablets-cols_inherit mobiles-cols_1 valign_top type_default\"><div class=\"wpb_column vc_column_container\"><div class=\"vc_column-inner\">[vc_raw_html]JTNDZW1iZWQlMjBzcmMlM0QlMjJodHRwcyUzQSUyRiUyRm9yZ2FuaWdyYW1hLmhvc3BpdGFsZGVjaGlsbGFuLmNsJTJGd3AtY29udGVudCUyRnVwbG9hZHMlMkYyMDI1JTJGMDglMkZPcmdhbmlncmFtYV9IQ0hNX2xpbmsucGRmJTIyJTIwdHlwZSUzRCUyMmFwcGxpY2F0aW9uJTJGcGRmJTIyJTIwd2lkdGglM0QlMjIxMDAlMjUlMjIlMjBoZWlnaHQlM0QlMjI3MDBweCUyMiUyMCUyRiUzRQ==[\/vc_raw_html]<div class=\"wpb_text_column\"><div class=\"wpb_wrapper\"><p style=\"text-align: left;\">*Haga clic en la direcci\u00f3n o subdirecci\u00f3n para ver en detalle.<\/p>\n<\/div><\/div><\/div><\/div><\/div><\/div><\/section><section class=\"l-section wpb_row height_custom\"><div class=\"l-section-overlay\" style=\"background:#f5f5f5\"><\/div><div class=\"l-section-h i-cf\"><div class=\"g-cols via_grid cols_3 laptops-cols_inherit tablets-cols_inherit mobiles-cols_1 valign_top type_default\"><div class=\"wpb_column vc_column_container\"><div class=\"vc_column-inner\"><div class=\"w-btn-wrapper align_center\"><a class=\"w-btn us-btn-style_3 icon_atleft\" target=\"_blank\" href=\"https:\/\/organigrama.hospitaldechillan.cl\/wp-content\/uploads\/2025\/08\/Organigrama-HCHM.jpg\" rel=\"noopener\"><i class=\"fas fa-download\"><\/i><span class=\"w-btn-label\">Descargar Organigrama como imagen<\/span><\/a><\/div><\/div><\/div><div class=\"wpb_column vc_column_container\"><div class=\"vc_column-inner\"><div class=\"w-btn-wrapper align_center\"><a class=\"w-btn us-btn-style_3 icon_atleft\" target=\"_blank\" href=\"https:\/\/organigrama.hospitaldechillan.cl\/wp-content\/uploads\/2025\/08\/Organigrama_HCHM_link.pdf\" rel=\"noopener\"><i class=\"fas fa-download\"><\/i><span class=\"w-btn-label\">Descargar Organigrama como PDF<\/span><\/a><\/div><\/div><\/div><div class=\"wpb_column vc_column_container\"><div class=\"vc_column-inner\"><div class=\"w-btn-wrapper align_center\"><a class=\"w-btn us-btn-style_3 icon_atleft\" target=\"_blank\" href=\"https:\/\/organigrama.hospitaldechillan.cl\/wp-content\/uploads\/2025\/07\/Resolucion-Exenta-N\u00b0-701.pdf\" rel=\"noopener\"><i class=\"fas fa-download\"><\/i><span class=\"w-btn-label\">Descargar Resoluci\u00f3n del Organigrama<\/span><\/a><\/div><\/div><\/div><\/div><\/div><\/section><section class=\"l-section wpb_row height_custom\"><div class=\"l-section-overlay\" style=\"background:#f5f5f5\"><\/div><div class=\"l-section-h i-cf\"><div class=\"g-cols via_grid cols_4 laptops-cols_inherit tablets-cols_inherit mobiles-cols_1 valign_top type_default\"><div class=\"wpb_column vc_column_container\"><div class=\"vc_column-inner\"><div class=\"wpb_text_column us_custom_7491476b has_text_color\"><div class=\"wpb_wrapper\"><h5 style=\"text-align: justify;\">Hospital Cl\u00ednico Herminda Mart\u00edn de Chill\u00e1n es un establecimiento <strong>Acreditado en Calidad en los Procesos de Atenci\u00f3n en Salud<\/strong> por la Superintendencia de Salud.<\/h5>\n<\/div><\/div><\/div><\/div><div class=\"wpb_column vc_column_container\"><div class=\"vc_column-inner\"><div class=\"w-btn-wrapper align_center\"><a class=\"w-btn us-btn-style_3 icon_atleft\" target=\"_blank\" href=\"\/wp-content\/uploads\/2024\/01\/reacreditado-2014.pdf\" rel=\"noopener\"><i class=\"fas fa-download\"><\/i><span class=\"w-btn-label\">Resoluci\u00f3n Acreditaci\u00f3n 2014<\/span><\/a><\/div><div class=\"w-image align_center\"><div class=\"w-image-h\"><img loading=\"lazy\" decoding=\"async\" width=\"158\" height=\"184\" src=\"https:\/\/organigrama.hospitaldechillan.cl\/wp-content\/uploads\/2024\/01\/Logo_acreditacion-alta222.png\" class=\"attachment-thumbnail size-thumbnail\" alt=\"\" \/><\/div><\/div><\/div><\/div><div class=\"wpb_column vc_column_container\"><div class=\"vc_column-inner\"><div class=\"w-btn-wrapper align_center\"><a class=\"w-btn us-btn-style_3 icon_atleft\" target=\"_blank\" href=\"\/wp-content\/uploads\/2024\/01\/reacreditado-2018.pdf\" rel=\"noopener\"><i class=\"fas fa-download\"><\/i><span class=\"w-btn-label\">Resoluci\u00f3n Acreditaci\u00f3n 2018<\/span><\/a><\/div><div class=\"w-image align_center\"><div class=\"w-image-h\"><img loading=\"lazy\" decoding=\"async\" width=\"158\" height=\"184\" src=\"https:\/\/organigrama.hospitaldechillan.cl\/wp-content\/uploads\/2024\/01\/Logo_acreditacion-alta222.png\" class=\"attachment-thumbnail size-thumbnail\" alt=\"\" \/><\/div><\/div><\/div><\/div><div class=\"wpb_column vc_column_container\"><div class=\"vc_column-inner\"><div class=\"w-btn-wrapper align_center\"><a class=\"w-btn us-btn-style_3 icon_atleft\" target=\"_blank\" href=\"\/wp-content\/uploads\/2024\/05\/acreditacion-2024.pdf\" rel=\"noopener\"><i class=\"fas fa-download\"><\/i><span class=\"w-btn-label\">Resoluci\u00f3n Acreditaci\u00f3n 2024<\/span><\/a><\/div><div class=\"w-image align_center\"><div class=\"w-image-h\"><img loading=\"lazy\" decoding=\"async\" width=\"158\" height=\"184\" src=\"https:\/\/organigrama.hospitaldechillan.cl\/wp-content\/uploads\/2024\/01\/Logo_acreditacion-alta222.png\" class=\"attachment-thumbnail size-thumbnail\" alt=\"\" \/><\/div><\/div><\/div><\/div><\/div><\/div><\/section>\n","protected":false},"excerpt":{"rendered":"[vc_raw_html]JTNDZW1iZWQlMjBzcmMlM0QlMjJodHRwcyUzQSUyRiUyRm9yZ2FuaWdyYW1hLmhvc3BpdGFsZGVjaGlsbGFuLmNsJTJGd3AtY29udGVudCUyRnVwbG9hZHMlMkYyMDI1JTJGMDglMkZPcmdhbmlncmFtYV9IQ0hNX2xpbmsucGRmJTIyJTIwdHlwZSUzRCUyMmFwcGxpY2F0aW9uJTJGcGRmJTIyJTIwd2lkdGglM0QlMjIxMDAlMjUlMjIlMjBoZWlnaHQlM0QlMjI3MDBweCUyMiUyMCUyRiUzRQ==[\/vc_raw_html]*Haga clic en la direcci\u00f3n o subdirecci\u00f3n para ver en detalle. Descargar Organigrama como imagenDescargar Organigrama como PDFDescargar Resoluci\u00f3n del OrganigramaHospital Cl\u00ednico Herminda Mart\u00edn de Chill\u00e1n es un establecimiento Acreditado en Calidad en los Procesos de Atenci\u00f3n en Salud por la Superintendencia de Salud. Resoluci\u00f3n Acreditaci\u00f3n 2014Resoluci\u00f3n Acreditaci\u00f3n 2018Resoluci\u00f3n Acreditaci\u00f3n 2024","protected":false},"author":5,"featured_media":0,"parent":0,"menu_order":0,"comment_status":"closed","ping_status":"closed","template":"","meta":{"footnotes":""},"class_list":["post-8186","page","type-page","status-publish","hentry"],"_links":{"self":[{"href":"https:\/\/organigrama.hospitaldechillan.cl\/index.php\/wp-json\/wp\/v2\/pages\/8186","targetHints":{"allow":["GET"]}}],"collection":[{"href":"https:\/\/organigrama.hospitaldechillan.cl\/index.php\/wp-json\/wp\/v2\/pages"}],"about":[{"href":"https:\/\/organigrama.hospitaldechillan.cl\/index.php\/wp-json\/wp\/v2\/types\/page"}],"author":[{"embeddable":true,"href":"https:\/\/organigrama.hospitaldechillan.cl\/index.php\/wp-json\/wp\/v2\/users\/5"}],"replies":[{"embeddable":true,"href":"https:\/\/organigrama.hospitaldechillan.cl\/index.php\/wp-json\/wp\/v2\/comments?post=8186"}],"version-history":[{"count":123,"href":"https:\/\/organigrama.hospitaldechillan.cl\/index.php\/wp-json\/wp\/v2\/pages\/8186\/revisions"}],"predecessor-version":[{"id":11291,"href":"https:\/\/organigrama.hospitaldechillan.cl\/index.php\/wp-json\/wp\/v2\/pages\/8186\/revisions\/11291"}],"wp:attachment":[{"href":"https:\/\/organigrama.hospitaldechillan.cl\/index.php\/wp-json\/wp\/v2\/media?parent=8186"}],"curies":[{"name":"wp","href":"https:\/\/api.w.org\/{rel}","templated":true}]}}