{"id":11161,"date":"2025-07-31T16:10:48","date_gmt":"2025-07-31T16:10:48","guid":{"rendered":"https:\/\/organigrama.hospitaldechillan.cl\/?post_type=product&#038;p=11161"},"modified":"2025-07-31T16:11:33","modified_gmt":"2025-07-31T16:11:33","slug":"xxxxxxxxxxxxxxjefe-seccion-movilizacion","status":"publish","type":"product","link":"https:\/\/organigrama.hospitaldechillan.cl\/index.php\/producto\/xxxxxxxxxxxxxxjefe-seccion-movilizacion\/","title":{"rendered":"xxxxxxxxxxxxxx<br><strong>Jefe Secci\u00f3n Movilizaci\u00f3n<\/strong>"},"content":{"rendered":"","protected":false},"excerpt":{"rendered":"<table class=\"default\">\n<tbody>\n<tr>\n<td><strong>Nombre<\/strong><\/td>\n<td>xxxxxxxxxxx<\/td>\n<\/tr>\n<tr>\n<td><strong>Cargo<\/strong><\/td>\n<td>Jefe Secci\u00f3n Movilizaci\u00f3n<\/td>\n<\/tr>\n<tr>\n<td><strong>Profesi\u00f3n<\/strong><\/td>\n<td>M\u00e9dico<\/td>\n<\/tr>\n<tr>\n<td><strong>Funciones<\/strong><\/td>\n<td style=\"text-align: justify;\">\n<p style=\"text-align: justify;\">&#8211; Cargo ejecutivo, de liderazgo t\u00e9cnico administrativo que tiene por objeto dirigir, organizar, supervisar, controlar las actividades del servicio.<\/p>\n<p style=\"text-align: justify;\">&#8211; Coordinar atenci\u00f3n de rehabilitaci\u00f3n con los servicios cl\u00ednicos, unidades secciones y con la red. As\u00ed tambi\u00e9n coordinar las acciones de rehabilitaci\u00f3n entre los distintos integrantes del equipo.<\/p>\n<p style=\"text-align: justify;\">&#8211; Jerarquizaci\u00f3n y distribuci\u00f3n de funciones de los distintos integrantes del equipo de rehabilitaci\u00f3n.<\/p>\n<p style=\"text-align: justify;\">&#8211; Generar relaciones con la comunidad cient\u00edfica nacional o internacional de acuerdo a las necesidades de la instituci\u00f3n y del Servicio.<\/p>\n<p style=\"text-align: justify;\">&#8211; Mantener los registros e informaci\u00f3n actualizada, gestionar el cumplimiento de normas t\u00e9cnicas y administrativas, calificar el desempe\u00f1o de los distintos integrantes del equipo de rehabilitaci\u00f3n.<\/p>\n<p style=\"text-align: justify;\">&#8211; Gestionar estrategias y acciones para mantener un adecuado clima laboral.<\/p>\n<p style=\"text-align: justify;\">&#8211; Gestionar la realizaci\u00f3n y actualizaci\u00f3n de Protocolos en las \u00e1reas de desempe\u00f1o de los diferentes profesionales.<\/p>\n<p style=\"text-align: justify;\">&#8211; Fomentar el desarrollo profesional de los destinos integrantes estimulando la formaci\u00f3n continua, la realizaci\u00f3n de actividades docente intra y extra PAC.<\/p>\n<p style=\"text-align: justify;\">&#8211; Fomentar la comunicaci\u00f3n con la Red con el objetivo de desarrollar la rehabilitaci\u00f3n en la Regi\u00f3n de \u00d1uble.<\/p>\n<p style=\"text-align: justify;\">&#8211; Cumplir los deberes y derechos que est\u00e1n establecidos en la normativa por la instituci\u00f3n.<\/p>\n<\/td>\n<\/tr>\n<tr>\n<td><strong>Resoluci\u00f3n<br \/>\nOrganizacional<\/strong><\/td>\n<td>Res. Exenta N\u00b0 4123 fecha 03\/04\/2018 <a class=\"boton\" href=\"\/wp-content\/uploads\/2023\/12\/Resolucion-N\u00b0-4123-1-1.pdf\" target=\"_blank\" rel=\"noopener\">VER_RESOLUCI\u00d3N<\/a><\/td>\n<\/tr>\n<\/tbody>\n<\/table>\n","protected":false},"featured_media":0,"template":"","meta":[],"product_brand":[],"product_cat":[275],"product_tag":[],"class_list":{"0":"post-11161","1":"product","2":"type-product","3":"status-publish","5":"product_cat-movilizacion","7":"first","8":"instock","9":"shipping-taxable","10":"product-type-simple"},"_links":{"self":[{"href":"https:\/\/organigrama.hospitaldechillan.cl\/index.php\/wp-json\/wp\/v2\/product\/11161","targetHints":{"allow":["GET"]}}],"collection":[{"href":"https:\/\/organigrama.hospitaldechillan.cl\/index.php\/wp-json\/wp\/v2\/product"}],"about":[{"href":"https:\/\/organigrama.hospitaldechillan.cl\/index.php\/wp-json\/wp\/v2\/types\/product"}],"wp:attachment":[{"href":"https:\/\/organigrama.hospitaldechillan.cl\/index.php\/wp-json\/wp\/v2\/media?parent=11161"}],"wp:term":[{"taxonomy":"product_brand","embeddable":true,"href":"https:\/\/organigrama.hospitaldechillan.cl\/index.php\/wp-json\/wp\/v2\/product_brand?post=11161"},{"taxonomy":"product_cat","embeddable":true,"href":"https:\/\/organigrama.hospitaldechillan.cl\/index.php\/wp-json\/wp\/v2\/product_cat?post=11161"},{"taxonomy":"product_tag","embeddable":true,"href":"https:\/\/organigrama.hospitaldechillan.cl\/index.php\/wp-json\/wp\/v2\/product_tag?post=11161"}],"curies":[{"name":"wp","href":"https:\/\/api.w.org\/{rel}","templated":true}]}}