{"id":9781,"date":"2023-12-19T14:32:32","date_gmt":"2023-12-19T14:32:32","guid":{"rendered":"https:\/\/organigrama.hospitaldechillan.cl\/?post_type=product&#038;p=9781"},"modified":"2025-09-15T18:28:56","modified_gmt":"2025-09-15T18:28:56","slug":"miriela-cabrera-moralesjefe-servicio-especialidades-ambultorias","status":"publish","type":"product","link":"https:\/\/organigrama.hospitaldechillan.cl\/index.php\/producto\/miriela-cabrera-moralesjefe-servicio-especialidades-ambultorias\/","title":{"rendered":"Miriela Cabrera Morales<br><strong>Jefa Servicio Especialidades Ambulatorias<\/strong>"},"content":{"rendered":"","protected":false},"excerpt":{"rendered":"<table class=\"default\">\n<tbody>\n<tr>\n<td><strong>Nombre<\/strong><\/td>\n<td>Miriela Cabrera Morales<\/td>\n<\/tr>\n<tr>\n<td><strong>Cargo<\/strong><\/td>\n<td>Jefa Servicio Especialidades Ambultorias<\/td>\n<\/tr>\n<tr>\n<td><strong>Profesi\u00f3n<\/strong><\/td>\n<td>M\u00e9dico<\/td>\n<\/tr>\n<tr>\n<td><strong>Funciones<\/strong><\/td>\n<td>\n<p style=\"text-align: justify;\">&#8211; Participar en Reuniones de equipo directivo.<\/p>\n<p style=\"text-align: justify;\">&#8211; Supervisi\u00f3n y Autorizaci\u00f3n de Permisos Administrativos, Feriados Legales, reemplazos, suplencias, horas extras, jornadas de capacitaci\u00f3n y otros de similar naturaleza, de acuerdo al marco presupuestario fijado.<\/p>\n<p style=\"text-align: justify;\">&#8211; Coordinaci\u00f3n de agenda m\u00e9dica con servicio cl\u00ednicos y administrativos, de acuerdo a la distribuci\u00f3n de horas m\u00e9dicas acordadas con la Subdirecci\u00f3n M\u00e9dica y en concordancia con la programaci\u00f3n en red.<\/p>\n<p style=\"text-align: justify;\">&#8211; Asignaci\u00f3n de funciones para los funcionarios dependientes del CAE.<\/p>\n<p style=\"text-align: justify;\">&#8211; Administrar y optimizar el uso de los recursos asistenciales, materiales, recursos humanos, equipos e instalaciones.<\/p>\n<p style=\"text-align: justify;\">&#8211; Coordinaci\u00f3n con equipo de enfermer\u00eda para asegurar el correcto funcionamiento de equipamiento e infraestructura del CAE.<\/p>\n<p style=\"text-align: justify;\">&#8211; Coordinaci\u00f3n con equipos de apoyo cl\u00ednico para el desarrollo de estrategias de mejora resoluci\u00f3n de solicitudes provenientes de la OIRS.<\/p>\n<p style=\"text-align: justify;\">&#8211; Coordinar diversas estrategias de atenci\u00f3n cl\u00ednica con la red de salud \u00d1uble.<\/p>\n<p style=\"text-align: justify;\">&#8211; Velar por el cumplimiento de reglamento de orden interno, higiene y seguridad del establecimiento.<\/p>\n<p style=\"text-align: justify;\">&#8211; Fortalecer la gesti\u00f3n cl\u00ednica, mediante la aplicaci\u00f3n de protocolos de referencia y contra referencia.<\/p>\n<p style=\"text-align: justify;\">&#8211; Encargado de la confecci\u00f3n de la programaci\u00f3n y reprogramaci\u00f3n de los profesionales no m\u00e9dicos.<\/p>\n<p style=\"text-align: justify;\">&#8211; Encargado de revisi\u00f3n mensual de los REM enviados por la Oficina de gesti\u00f3n de la informaci\u00f3n y producci\u00f3n (GIP).<\/p>\n<p style=\"text-align: justify;\">&#8211; Encargado de analizar los datos de cumplimiento mensual de la Programaci\u00f3n M\u00e9dica y no M\u00e9dica.<\/p>\n<p style=\"text-align: justify;\">&#8211; Asistencia a reuniones programadas, con el SS\u00d1 y con SDM HCHM en relaci\u00f3n a programaci\u00f3n m\u00e9dica y no m\u00e9dica.<\/p>\n<\/td>\n<\/tr>\n<tr>\n<td><strong>Resoluci\u00f3n<br \/>\nOrganizacional<\/strong><\/td>\n<td>Res. Exenta N\u00b0 7690 fecha 14\/07\/2017 <a class=\"boton\" href=\"\/wp-content\/uploads\/2024\/01\/Resolucion-N\u00b0-7690.pdf\" target=\"_blank\" rel=\"noopener\">VER_RESOLUCI\u00d3N<\/a><br \/>\nRes. Exenta N\u00b0 4420 fecha 26\/08\/2013 <a class=\"boton\" href=\"\/wp-content\/uploads\/2023\/12\/Resolucion-N\u00b0-4420-.pdf\" target=\"_blank\" rel=\"noopener\">VER_RESOLUCI\u00d3N<\/a><br \/>\nRes. Exenta N\u00b0 3849 fecha 08\/08\/2012 <a class=\"boton\" href=\"\/wp-content\/uploads\/2023\/12\/Resolucion-N\u00b0-3849.pdf\" target=\"_blank\" rel=\"noopener\">VER_RESOLUCI\u00d3N<\/a><br \/>\nRes. Exenta N\u00b0 1187 fecha 03\/03\/2010 <a class=\"boton\" href=\"\/wp-content\/uploads\/2024\/01\/Res.-1187-Cratyd.pdf\" target=\"_blank\" rel=\"noopener\">VER_RESOLUCI\u00d3N<\/a><\/td>\n<\/tr>\n<\/tbody>\n<\/table>\n","protected":false},"featured_media":0,"template":"","meta":[],"product_brand":[],"product_cat":[220],"product_tag":[],"class_list":{"0":"post-9781","1":"product","2":"type-product","3":"status-publish","5":"product_cat-servicio-especialidades-ambulatorias","7":"first","8":"instock","9":"shipping-taxable","10":"product-type-simple"},"_links":{"self":[{"href":"https:\/\/organigrama.hospitaldechillan.cl\/index.php\/wp-json\/wp\/v2\/product\/9781","targetHints":{"allow":["GET"]}}],"collection":[{"href":"https:\/\/organigrama.hospitaldechillan.cl\/index.php\/wp-json\/wp\/v2\/product"}],"about":[{"href":"https:\/\/organigrama.hospitaldechillan.cl\/index.php\/wp-json\/wp\/v2\/types\/product"}],"wp:attachment":[{"href":"https:\/\/organigrama.hospitaldechillan.cl\/index.php\/wp-json\/wp\/v2\/media?parent=9781"}],"wp:term":[{"taxonomy":"product_brand","embeddable":true,"href":"https:\/\/organigrama.hospitaldechillan.cl\/index.php\/wp-json\/wp\/v2\/product_brand?post=9781"},{"taxonomy":"product_cat","embeddable":true,"href":"https:\/\/organigrama.hospitaldechillan.cl\/index.php\/wp-json\/wp\/v2\/product_cat?post=9781"},{"taxonomy":"product_tag","embeddable":true,"href":"https:\/\/organigrama.hospitaldechillan.cl\/index.php\/wp-json\/wp\/v2\/product_tag?post=9781"}],"curies":[{"name":"wp","href":"https:\/\/api.w.org\/{rel}","templated":true}]}}