{"id":9791,"date":"2023-12-19T14:52:21","date_gmt":"2023-12-19T14:52:21","guid":{"rendered":"https:\/\/organigrama.hospitaldechillan.cl\/?post_type=product&#038;p=9791"},"modified":"2024-01-24T15:46:06","modified_gmt":"2024-01-24T15:46:06","slug":"maria-teresa-higuera-ariasjefe-servicio-gestion-cuidados-de-matroneria","status":"publish","type":"product","link":"https:\/\/organigrama.hospitaldechillan.cl\/index.php\/producto\/maria-teresa-higuera-ariasjefe-servicio-gestion-cuidados-de-matroneria\/","title":{"rendered":"Mar\u00eda Teresa Higuera Arias<br><strong>Matrona Gestora Servicio Gesti\u00f3n Cuidados de Matroner\u00eda<\/strong>"},"content":{"rendered":"","protected":false},"excerpt":{"rendered":"<table class=\"default\">\n<tbody>\n<tr>\n<td><strong>Nombre<\/strong><\/td>\n<td>Mar\u00eda Teresa Higuera Arias<\/td>\n<\/tr>\n<tr>\n<td><strong>Cargo<\/strong><\/td>\n<td>Matrona Gestora Servicio Gesti\u00f3n Cuidados de Matroner\u00eda<\/td>\n<\/tr>\n<tr>\n<td><strong>Profesi\u00f3n<\/strong><\/td>\n<td>Matrona<\/td>\n<\/tr>\n<tr>\n<td><strong>Funciones<\/strong><\/td>\n<td>\n<p style=\"text-align: justify;\">Profesional a cargo de programar, organizar, dirigir, supervisar, evaluar y promover la administraci\u00f3n de los procesos y cuidados que realizan las matronas y matrones en concordancia con el modelo de atenci\u00f3n:<\/p>\n<p style=\"text-align: justify;\">&#8211; Participar en la definici\u00f3n de las pol\u00edticas y lineamientos estrat\u00e9gicos de la instituci\u00f3n, en lo relacionado con las necesidades de dotaci\u00f3n de personal, recursos materiales, f\u00edsicos y financieros que involucren las \u00c1reas y Unidades a su cargo.<\/p>\n<p style=\"text-align: justify;\">&#8211; Participar en la formaci\u00f3n y administraci\u00f3n presupuestaria de los Servicios que correspondan a las \u00c1reas y Unidades a su cargo.<\/p>\n<p style=\"text-align: justify;\">&#8211; Promover los principios \u00e9ticos y legales que gu\u00edan el ejercicio profesional, as\u00ed como del fortalecimiento de la \u00e9tica social de la administraci\u00f3n sanitaria.<\/p>\n<p style=\"text-align: justify;\">&#8211; Contribuir a gestionar el Modelo de Atenci\u00f3n por Cuidados Progresivos, en el \u00e1mbito de su competencia, como parte de un equipo multidisciplinario.<\/p>\n<p style=\"text-align: justify;\">&#8211; Planificar, organizar, dirigir, supervisar y evaluar los procesos asistenciales efectuados en las \u00c1reas y Unidades a su cargo.<\/p>\n<p style=\"text-align: justify;\">&#8211; Ejercer y promover un liderazgo efectivo en la administraci\u00f3n de los equipos de trabajo de su dependencia, en los procesos de selecci\u00f3n de personal, desarrollo de competencias, evaluaci\u00f3n de desempe\u00f1o, educaci\u00f3n continua y satisfacci\u00f3n laboral.<\/p>\n<p style=\"text-align: justify;\">&#8211; Promover, en los equipos de trabajo, el cumplimiento de los compromisos de administraci\u00f3n y metas institucionales y sanitarias.<\/p>\n<p style=\"text-align: justify;\">&#8211; Elaborar y mantener actualizada la cartera de servicios bajo su dependencia.<\/p>\n<p style=\"text-align: justify;\">&#8211; Proponer programas de evaluaci\u00f3n y mejoramiento continuo de la administraci\u00f3n de los cuidados de las\/los profesionales matronas y matrones a trav\u00e9s de la instalaci\u00f3n de sistemas de vigilancia de calidad, riesgo hospitalario y el monitoreo de indicadores de calidad y seguridad.<\/p>\n<p style=\"text-align: justify;\">&#8211; Fortalecer la integraci\u00f3n asistencial docente y promover la investigaci\u00f3n en el campo de la disciplina de la atenci\u00f3n de la matrona\/matr\u00f3n en las \u00e1reas y unidades a su cargo.<\/p>\n<p style=\"text-align: justify;\">&#8211; Aplicar las pautas de evaluaci\u00f3n de indicadores de los procesos establecidos para el funcionamiento de la Red Asistencial.<\/p>\n<p style=\"text-align: justify;\">&#8211; Participar en el desarrollo e implementaci\u00f3n de nuevas herramientas tecnol\u00f3gicas que faciliten el control de la administraci\u00f3n.<\/p>\n<p style=\"text-align: justify;\">&#8211; Propiciar una comunicaci\u00f3n eficaz entre las diferentes dependencias del establecimiento a fin de potenciar la sinergia de los equipos de trabajo.<\/p>\n<\/td>\n<\/tr>\n<tr>\n<td><strong>Resoluci\u00f3n<br \/>\nOrganizacional<\/strong><\/td>\n<td>Res. Exenta N\u00b0 8453 fecha 01\/08\/2019 <a class=\"boton\" href=\"\/wp-content\/uploads\/2023\/12\/Resolucion-N\u00b0-8453-.pdf\" target=\"_blank\" rel=\"noopener\">VER_RESOLUCI\u00d3N<\/a><\/br><br \/>\nRes. Exenta N\u00b0 7690 fecha 14\/07\/2017     <a class=\"boton\" href=\"\/wp-content\/uploads\/2024\/01\/Resolucion-N\u00b0-7690.pdf\" target=\"_blank\" rel=\"noopener\">VER_RESOLUCI\u00d3N<\/a>\n<\/td>\n<\/tr>\n<\/tbody>\n<\/table>\n","protected":false},"featured_media":0,"template":"","meta":[],"product_brand":[],"product_cat":[225],"product_tag":[],"class_list":{"0":"post-9791","1":"product","2":"type-product","3":"status-publish","5":"product_cat-servicio-gestion-cuidados-de-matroneria","7":"first","8":"instock","9":"shipping-taxable","10":"product-type-simple"},"_links":{"self":[{"href":"https:\/\/organigrama.hospitaldechillan.cl\/index.php\/wp-json\/wp\/v2\/product\/9791","targetHints":{"allow":["GET"]}}],"collection":[{"href":"https:\/\/organigrama.hospitaldechillan.cl\/index.php\/wp-json\/wp\/v2\/product"}],"about":[{"href":"https:\/\/organigrama.hospitaldechillan.cl\/index.php\/wp-json\/wp\/v2\/types\/product"}],"wp:attachment":[{"href":"https:\/\/organigrama.hospitaldechillan.cl\/index.php\/wp-json\/wp\/v2\/media?parent=9791"}],"wp:term":[{"taxonomy":"product_brand","embeddable":true,"href":"https:\/\/organigrama.hospitaldechillan.cl\/index.php\/wp-json\/wp\/v2\/product_brand?post=9791"},{"taxonomy":"product_cat","embeddable":true,"href":"https:\/\/organigrama.hospitaldechillan.cl\/index.php\/wp-json\/wp\/v2\/product_cat?post=9791"},{"taxonomy":"product_tag","embeddable":true,"href":"https:\/\/organigrama.hospitaldechillan.cl\/index.php\/wp-json\/wp\/v2\/product_tag?post=9791"}],"curies":[{"name":"wp","href":"https:\/\/api.w.org\/{rel}","templated":true}]}}